{"id":313,"date":"2012-04-25T22:25:35","date_gmt":"2012-04-25T21:25:35","guid":{"rendered":"http:\/\/serradetramuntana.eu\/\/?page_id=313"},"modified":"2013-02-05T22:18:48","modified_gmt":"2013-02-05T21:18:48","slug":"agradecimientos","status":"publish","type":"page","link":"https:\/\/serradetramuntana.eu\/?page_id=313","title":{"rendered":"Agradecimientos"},"content":{"rendered":"Quiero en esta p\u00e1gina agradecer a las personas y grupos que han contribuido a acrecentar la pasi\u00f3n que tengo por el monta\u00f1ismo en general y por la Serra de Tramuntana en particular.<br\/>\r\nYa de joven hac\u00eda alguna que otra excursi\u00f3n, pero sin demasiados conocimientos del medio ni de los lugares por donde transitaba.<br\/>\r\nFue a ra\u00edz del cambio de domicilio y coincidir con otro vecino\u00a0tambi\u00e9n\u00a0monta\u00f1ero, ya rondando la cuarentena de a\u00f1os, como retom\u00e9 de nuevo el tema del senderismo y el barranquismo.<br\/>\r\nTambi\u00e9n debo agradecer al GEM la cantidad de lugares que me ha dado la oportunidad de conocer. Y como no, a sus colaboradores que realizan una magn\u00edfica labor totalmente desinteresada.<br\/>\r\nNo ser\u00eda justo si no reconociera tambi\u00e9n, todo lo que he aprendido de las rutas que nuestro amigo Emilio Alonso publica en la \u00daltima Hora, y de las que tambi\u00e9n \"cuelga\" en su blog.<br\/>\r\nTambi\u00e9n reconocer a mi amigo Oscar Falc\u00f3 todas las rutas alternativas y pasos que me est\u00e1 ense\u00f1ando. Posiblemente muchos de esos lugares no los hubiese conocido si no hubiese sido gracias a sus conocimientos de la Serra de Tramuntana.<br\/>\r\n\r\nTengo que a\u00f1adir a la lista de agradecimientos las personas de las que \u00faltimamente estoy aprendiendo a trav\u00e9s de sus p\u00e1ginas webs y blogs, as\u00ed como por sus env\u00edos peri\u00f3dicos de la informaci\u00f3n de las rutas que realizan, como son Toni Sureda, Josep Ferrer, Lloren\u00e7 Soler y Joan Riera, entre otros.","protected":false},"excerpt":{"rendered":null,"protected":false},"author":1,"featured_media":0,"parent":0,"menu_order":0,"comment_status":"closed","ping_status":"open","template":"","meta":[],"_links":{"self":[{"href":"https:\/\/serradetramuntana.eu\/index.php?rest_route=\/wp\/v2\/pages\/313"}],"collection":[{"href":"https:\/\/serradetramuntana.eu\/index.php?rest_route=\/wp\/v2\/pages"}],"about":[{"href":"https:\/\/serradetramuntana.eu\/index.php?rest_route=\/wp\/v2\/types\/page"}],"author":[{"embeddable":true,"href":"https:\/\/serradetramuntana.eu\/index.php?rest_route=\/wp\/v2\/users\/1"}],"replies":[{"embeddable":true,"href":"https:\/\/serradetramuntana.eu\/index.php?rest_route=%2Fwp%2Fv2%2Fcomments&post=313"}],"version-history":[{"count":0,"href":"https:\/\/serradetramuntana.eu\/index.php?rest_route=\/wp\/v2\/pages\/313\/revisions"}],"wp:attachment":[{"href":"https:\/\/serradetramuntana.eu\/index.php?rest_route=%2Fwp%2Fv2%2Fmedia&parent=313"}],"curies":[{"name":"wp","href":"https:\/\/api.w.org\/{rel}","templated":true}]}}

Quiero en esta página agradecer a las personas y grupos que han contribuido a acrecentar la pasión que tengo por el montañismo en general y por la Serra de Tramuntana en particular.<br/>
Ya de joven hacía alguna que otra excursión, pero sin demasiados conocimientos del medio ni de los lugares por donde transitaba.<br/>
Fue a raíz del cambio de domicilio y coincidir con otro vecino también montañero, ya rondando la cuarentena de años, como retomé de nuevo el tema del senderismo y el barranquismo.<br/>
También debo agradecer al GEM la cantidad de lugares que me ha dado la oportunidad de conocer. Y como no, a sus colaboradores que realizan una magnífica labor totalmente desinteresada.<br/>
No sería justo si no reconociera también, todo lo que he aprendido de las rutas que nuestro amigo Emilio Alonso publica en la Última Hora, y de las que también "cuelga" en su blog.<br/>
También reconocer a mi amigo Oscar Falcó todas las rutas alternativas y pasos que me está enseñando. Posiblemente muchos de esos lugares no los hubiese conocido si no hubiese sido gracias a sus conocimientos de la Serra de Tramuntana.<br/>

Tengo que añadir a la lista de agradecimientos las personas de las que últimamente estoy aprendiendo a través de sus páginas webs y blogs, así como por sus envíos periódicos de la información de las rutas que realizan, como son Toni Sureda, Josep Ferrer, Llorenç Soler y Joan Riera, entre otros.
