{"id":403,"date":"2012-05-15T11:13:28","date_gmt":"2012-05-15T10:13:28","guid":{"rendered":"http:\/\/serradetramuntana.eu\/\/?page_id=403"},"modified":"2020-11-03T13:07:38","modified_gmt":"2020-11-03T12:07:38","slug":"autores-de-la-web","status":"publish","type":"page","link":"https:\/\/serradetramuntana.eu\/?page_id=403","title":{"rendered":"Autores de la web"},"content":{"rendered":"Esta web es la versi\u00f3n 4 de Pasi\u00f3n por la Serra de Tramuntana y es la primera en la que hay dos autores, uno de la cuesti\u00f3n t\u00e9cnica de la p\u00e1gina y otro de los contenidos.<br\/>\r\n\r\nNo habr\u00eda sido posible este salto cualitativo de realizaci\u00f3n t\u00e9cnica sin los conocimientos inform\u00e1ticos y las buenas ideas de Joan Moratinos, que a la vez ser\u00e1 el traductor de la p\u00e1gina al catal\u00e1n.<br\/>\r\n\r\nNo cambia el autor de los contenidos, que sigo siendo yo, Manuel Barranco, un apasionado por la Serra de Tramuntana, el senderismo y la Naturaleza, llegado a esta isla siendo muy ni\u00f1o.<br\/>\r\n\r\nSi con esta p\u00e1gina, tanto Joan como yo, conseguimos transmitir parte de nuestra pasi\u00f3n por la Serra, por Mallorca y por la Naturaleza y ayudamos a conseguir una mejor conservaci\u00f3n\u00a0 de lo que tenemos y un mayor respeto por el gran trabajo realizado por tantas personas que nos han dejado un enorme legado arquitect\u00f3nico y cultural, nos sentiremos m\u00e1s que satisfechos.<br\/>\r\n\r\nDespu\u00e9s de mucho esfuerzo y dedicaci\u00f3n por parte de Joan, ha conseguido que la p\u00e1gina se pueda traducir a varios idiomas, no de forma autom\u00e1tica, si no corregida por amigos que de forma altruista van a dedicar parte de su tiempo libre a esta nueva iniciativa. Ser\u00e1 a partir de esta primavera de 2014, cuando se ir\u00e1n traduciendo paulatinamente las distintas p\u00e1ginas y rutas.<br\/>\r\n\r\nLos amigos que colaboran en las traducciones son:<br\/>\r\n<ul><br\/>\r\n \t<li>Joan Torres, ingl\u00e9s<\/li><br\/>\r\n \t<li>Virginia C\u00e1novas, franc\u00e9s<\/li><br\/>\r\n \t<li>Mercedes Cerd\u00e0, italiano, hasta que nos ha dejado para siempre en este verano de 2019. DEP.<\/li><br\/>\r\n \t<li>Renate Wiesner-Bornstein, alem\u00e1n<\/li><\/ul>","protected":false},"excerpt":{"rendered":null,"protected":false},"author":1,"featured_media":0,"parent":0,"menu_order":0,"comment_status":"closed","ping_status":"open","template":"","meta":[],"_links":{"self":[{"href":"https:\/\/serradetramuntana.eu\/index.php?rest_route=\/wp\/v2\/pages\/403"}],"collection":[{"href":"https:\/\/serradetramuntana.eu\/index.php?rest_route=\/wp\/v2\/pages"}],"about":[{"href":"https:\/\/serradetramuntana.eu\/index.php?rest_route=\/wp\/v2\/types\/page"}],"author":[{"embeddable":true,"href":"https:\/\/serradetramuntana.eu\/index.php?rest_route=\/wp\/v2\/users\/1"}],"replies":[{"embeddable":true,"href":"https:\/\/serradetramuntana.eu\/index.php?rest_route=%2Fwp%2Fv2%2Fcomments&post=403"}],"version-history":[{"count":0,"href":"https:\/\/serradetramuntana.eu\/index.php?rest_route=\/wp\/v2\/pages\/403\/revisions"}],"wp:attachment":[{"href":"https:\/\/serradetramuntana.eu\/index.php?rest_route=%2Fwp%2Fv2%2Fmedia&parent=403"}],"curies":[{"name":"wp","href":"https:\/\/api.w.org\/{rel}","templated":true}]}}

Esta web es la versión 4 de Pasión por la Serra de Tramuntana y es la primera en la que hay dos autores, uno de la cuestión técnica de la página y otro de los contenidos.<br/>

No habría sido posible este salto cualitativo de realización técnica sin los conocimientos informáticos y las buenas ideas de Joan Moratinos, que a la vez será el traductor de la página al catalán.<br/>

No cambia el autor de los contenidos, que sigo siendo yo, Manuel Barranco, un apasionado por la Serra de Tramuntana, el senderismo y la Naturaleza, llegado a esta isla siendo muy niño.<br/>

Si con esta página, tanto Joan como yo, conseguimos transmitir parte de nuestra pasión por la Serra, por Mallorca y por la Naturaleza y ayudamos a conseguir una mejor conservación  de lo que tenemos y un mayor respeto por el gran trabajo realizado por tantas personas que nos han dejado un enorme legado arquitectónico y cultural, nos sentiremos más que satisfechos.<br/>

Después de mucho esfuerzo y dedicación por parte de Joan, ha conseguido que la página se pueda traducir a varios idiomas, no de forma automática, si no corregida por amigos que de forma altruista van a dedicar parte de su tiempo libre a esta nueva iniciativa. Será a partir de esta primavera de 2014, cuando se irán traduciendo paulatinamente las distintas páginas y rutas.<br/>

Los amigos que colaboran en las traducciones son:<br/>
<ul><br/>
 	<li>Joan Torres, inglés</li><br/>
 	<li>Virginia Cánovas, francés</li><br/>
 	<li>Mercedes Cerdà, italiano, hasta que nos ha dejado para siempre en este verano de 2019. DEP.</li><br/>
 	<li>Renate Wiesner-Bornstein, alemán</li></ul>
