{"id":465,"date":"2012-05-21T22:41:25","date_gmt":"2012-05-21T21:41:25","guid":{"rendered":"http:\/\/serradetramuntana.eu\/\/?page_id=465"},"modified":"2021-09-02T11:48:20","modified_gmt":"2021-09-02T10:48:20","slug":"problemas-de-paso","status":"publish","type":"page","link":"https:\/\/serradetramuntana.eu\/?page_id=465","title":{"rendered":"Problemas de paso"},"content":{"rendered":"<h6>Actualizado 11 diciembre 2020<\/h6><br\/>\r\n <br\/>\r\n<ul><br\/>\r\n \t<li>En la ruta de la <strong>Serra des Teixos<\/strong>, hay problemas de paso en la posesi\u00f3n de <strong>Almallutx<\/strong>. Nosotros pasamos desde el refugio del <strong>Gorg Blau<\/strong> hacia el camino que sube a la canal de trasvase pasando por debajo de una rejilla. Tuvimos suerte de que era a primera hora y no nos vieron.<\/li><br\/>\r\n \t<li><strong>Na F\u00e0tima<\/strong>. El itinerario tradicional por el camino de <strong>Son Morro<\/strong> y por<strong> Ses Esteles<\/strong> est\u00e1 cerrado desde hace bastante tiempo. La subida alternativa y que yo he probado sin problemas hasta la cima, es la publicada por Emilio Alonso en la \u00daltima Hora en octubre del 2010. Como \u00e9l bien recomienda si no se quieren complicaciones lo mejor es regresar por el mismo camino de subida.<\/li><br\/>\r\n \t<li><strong>Puig de s'Alzinar<\/strong>, subiendo por el <strong>Cami Reial<\/strong> se pasa por cotos privados de caza mayor. Conviene tenerlo en cuenta en \u00e9poca de caza.<\/li><br\/>\r\n \t<li>Resumo lo publicado en el BOIB n\u00ba 77 del 25\/05\/10, respecto a la \u00e9poca y d\u00edas de caza. Suele haber poca diferencia de un a\u00f1o a otro.<strong> Per\u00edodos h\u00e1biles de caza para la temporada 2010\/2011 en Baleares<\/strong>a) En los cotos de caza mayor se podr\u00e1 cazar desde el 1 de septiembre hasta el 15 de julio, todos los d\u00edas excepto los mi\u00e9rcoles. En los cotos con certificado de calidad de caza mayor se podr\u00e1 cazar tambi\u00e9n los mi\u00e9rcoles.b) En los cotos de caza menor se podr\u00e1 cazar desde el 10 de octubre hasta el 30 de enero s\u00f3lo los d\u00edas h\u00e1biles de caza menor con armas.c) Con car\u00e1cter general, los d\u00edas h\u00e1biles dentro del per\u00edodo de caza menor en general en la comunidad aut\u00f3noma de las Illes Balears, exceptuando especificaciones en contra, son los martes, jueves, s\u00e1bados, domingos y festivos de car\u00e1cter nacional o auton\u00f3mico. Quedan excluidas las fiestas de car\u00e1cter local.d) La caza est\u00e1 permitida desde media hora antes de la salida del sol hasta media hora despu\u00e9s de su puesta, de acuerdo con el horario local, salvo las limitaciones que establece expresamente esta Resoluci\u00f3n.<\/li><br\/>\r\n \t<li><strong>Puig Roig. <\/strong>Su acceso desde la posesi\u00f3n de Mossa s\u00f3lo est\u00e1 permitida los domingos. No permiten hacerla circular. Conviene dejar un coche en Lluc que es por d\u00f3nde dejan volver.<\/li><br\/>\r\n \t<li><strong>Finca del Teix, <\/strong>en toda su totalidad. Es una finca inmensa que llega desde el coll de S\u00f3ller hasta la parte alta de los acantilados de Dei\u00e0, hasta la Galera y hasta el camino de s'Arxiduc en la zona de Valldemossa. Por lo visto para conseguir la licencia de vedado de caza mayor tiene que tener la finca bien acotada e impedir el paso a los no cazadores. \u00c9stos si pueden circular libremente por toda la finca. Que no vengan con monsergas y que no se amparen en el proteccionismo, que yo todav\u00eda no he visto a ning\u00fan cazador que tenga cuidado de d\u00f3nde pisa por si pudiera haber alguna especie protegida. Y no es que tenga algo en contra de los cazadores, que lo que creo, es que si hay que proteger alguna especie, se debe acotar adecuadamente en lugar de prohibir el paso a la zona. Pudiendo pasar, podremos disfrutar de la contemplaci\u00f3n de esas especies. Los monta\u00f1eros somos respetuosos y amantes de la NATURALEZA, no destruimos por destruir. Se me ocurre la idiotez de cerrar los museos para que no entre nadie y as\u00ed proteger lo que albergan en su interior. Descabellado \u00bfverdad?.<\/li><br\/>\r\n \t<li><strong>Puig des Teix.<\/strong> Aunque la finca del Teix la tengan muy celosa y no permitan el tr\u00e1nsito por sus tierras, la verdad es que a principios del 2021 no tenemos problemas de acceso a la cima desde el Cam\u00ed des Caragol.<\/li><br\/>\r\n \t<li><strong>Comassema, Orient.<\/strong> La barrera de entrada a la finca desde Orient est\u00e1 cerrada. Muy ingenioso su propietario que ha dispuesto un artilugio tipo barra de bombero para poder salir. El d\u00eda 8 de mayo de 2011 se ha realizado una marcha reivindicativa exigiendo la apertura del camino. Actualmente (Marzo 2020) el propietario, Fernando Fortuny, permite el paso siempre que se pida autorizaci\u00f3n previamente. Si alguien est\u00e1 interesado, puede pedirme el tel\u00e9fono por email.<\/li><br\/>\r\n \t<li><strong>Ermita del Pare Catany<\/strong> desde Muleta gran y Cas Avinyons, en la zona de Muleta.<\/li><br\/>\r\n \t<li><strong>GR 221<\/strong> a su paso por la finca de <strong>Es Rafal,<\/strong> entre Estellencs y Banyalbufar. La opci\u00f3n es desviarse hacia las casas de Plan\u00edcia. Despu\u00e9s de muchos litigios se ha conseguido la apertura de este camino. En 2020 contin\u00faa abierto.<\/li><br\/>\r\n \t<li><strong>Paso d'en Capet<\/strong>, al inicio de la pista, despu\u00e9s del cruce con el camino de s'Arrom y de haber girado a la izquierda, nos encontramos con una barrera que cierra el camino y una caseta a la izquierda. Nosotros saltamos la barrera y justo despu\u00e9s lleg\u00f3 un coche, que la abri\u00f3, pas\u00f3 y nos pill\u00f3 de lleno. Nos hizo saber que est\u00e1bamos en una propiedad privada, que no deb\u00edamos haber pasado y que podr\u00edan m\u00e1s impedimentos para que nadie pudiera pasar. Esto nos ocurr\u00eda en domingo a primera hora de la ma\u00f1ana. M\u00e1s adelante, donde acaba la pista, tambi\u00e9n tuvimos que saltar una alambrada que claramente delimitaba unos terrenos. Hab\u00eda un coche, pero no vimos a nadie que nos pudiera recriminar el haber llegado hasta all\u00ed.<\/li><br\/>\r\n \t<li><strong>S'Arrom<\/strong> Esta preciosa finca entre S\u00f3ller y la Serra d'Alfabia y Els Cornadors est\u00e1 todo su per\u00edmetro cerrado con rejilla. Se puede pasar si previamente solicitamos permiso a la propiedad.<\/li><br\/>\r\n \t<li><strong>Pas des Pi<\/strong>, en la bajada hacia S\u00f3ller, pasa por una caseta cerrada con rejilla de dif\u00edcil paso. Evitar este paso si no se consigue permiso previamente.<\/li><br\/>\r\n \t<li><strong>Font des Quer<\/strong>, en la bajada hacia el mirador Ricard Roca, est\u00e1 cortado por una barrera con rejilla despu\u00e9s del torrente. Lo que nos obliga a desviarnos a la izquierda y salir a la carretera a unos dos kil\u00f3metros del mirador.<\/li><br\/>\r\n \t<li><strong>Pas de na Llu\u00efsa<\/strong>, cuando se acaba el camino de Son Puig y hemos de seguir por una vieja barrera de madera y rejilla. El propietario, adem\u00e1s de haber puesto letreros, si nos ve, nos pide amablemente que no pasemos. Actualmente (Marzo 2020), hay una rejilla de somier a mitad del paso que dificulta el acceso. Estuve en el mes de Mayo de 2020 y ya no estaba el somier que cerraba el paso. Id con cuidado, que pueden volver a cerrar en cualquier momento.<\/li><br\/>\r\n \t<li><strong>Ben\u00e0tiga Nou<\/strong>, de paso entre la carretera Ma1016 y la Coma de s'\u00c0liga, de subida hacia la zona de Na Burguesa.<\/li><br\/>\r\n \t<li><strong>Pas des Gat de Dei\u00e0.\u00a0<\/strong>Mi amigo Pep Torrens, me ha comentado que en la pared seca entre Sa Marineta y Sa Pedrissa, han puesto una alambrada conectada a unos sensores que detectan cuando las tocan. Al poco aparecen dos guardas que \"amablemente\" te proh\u00edben el paso.<\/li><br\/>\r\n \t<li><strong>Cova de ses Dues Boques<\/strong>. Est\u00e1 cerrado el camino de la Ermita de Valldemossa hacia Son Moragues, por lo que habr\u00e1 que visitar la cueva desde la vertiente de Valldemossa.<\/li><br\/>\r\n \t<li><strong>Ca s'Hereu<\/strong>. Desde el Cam\u00ed de Sa Figuera, en direcci\u00f3n al Pas d'en Barona, si queremos subir por el bonito camino hacia las Basses de Ca s'Hereu, hay que pasar por la finca de Ca s'Hereu. La \u00faltima vez nos lo pusieron bien claro; no se puede pasar de ninguna de las maneras. As\u00ed que tuvimos que buscar otra opci\u00f3n para subir al Puig de B\u00e0litx.<\/li><br\/>\r\n \t<li><strong>Cam\u00ed de s'Arxiduc.<\/strong> Lo que parec\u00eda imposible, acaba de suceder; restringen el paso en este emblem\u00e1tico camino. Dejo aqu\u00ed el texto tal como me lo ha hecho llegar Olga, una visitante de la web: \u00a0 \u00a0 \u00a0 \"<em>ayer fuimos a hacer la ruta del Puig de Teix, por sa Talaia Vella y camino del Archiduc, pero cual fue nuestra sorpresa que al principio de la excursi\u00f3n justo al final de la calle oliveres de Valldemossa han puesto una casetilla donde te paran y te pregunta si has reservado plaza para hacer la excursi\u00f3n porque se pasa por unas fincas privadas, si no tienes reserva tienes que hacer una ruta alternativa que ellos te dan pero no pasas si por el mirador ni por el mirador costa ni por Sa Talaia Vella ni por el refugi, tienen un mapa pero solo te lo dan si pagas\u201dla voluntad\u201d \u2026y para las reservas (limitada la entrada a 50 personas al dia) el tfno es 619591985 y el mail\u00a0<a href=\"mailto:valldemossa@procustodia.org\">valldemossa@procustodia.org<\/a>, otra opci\u00f3n es empezar la excursi\u00f3n al rev\u00e9s y salir de la urbanizaci\u00f3n de son gual, al puig de teix, camino del archiduc y luego Coll de son gallard y asi evitas los dos puesto que hay de control uno a al entrada y otro en la bifurcaci\u00f3n de pla de pouet. Espero que pod\u00e1is informar a la gente que quiera hacer esta excursi\u00f3n para que pueda reservar y no se lleve el chasco que nos llevamos nosotros, gracias<\/em>\"<\/li><br\/>\r\n \t<li><strong>Puig de s'Alcadena<\/strong>. Cerrada con candado la barrera que encontramos a mitad del camino, cuando nos acercamos a las altas paredes que rodean la cima. Noticia de Diciembre de 2020.<\/li><br\/>\r\n \t<li><strong>Miramar y alrededores. (finales 2020)<\/strong> Els Pontets de la Font Coberta, el mirador des Guix o des Llac, el mirador de sa Ferradura, est\u00e1n cercados con alambre de espinas. Muy dif\u00edcil de franquear. La opci\u00f3n m\u00e1s f\u00e1cil es ir desde Miramar, pagando ticket de entrada, desde los camino de abajo est\u00e1 muy complicado.<\/li><br\/>\r\n \t<li><strong>B\u00e0litx (Enero 2021).<\/strong> La barrera de salida de la Tanca des Bous hacia el camino que baja a la Font des Salt, est\u00e1 cerrada con candado. No es f\u00e1cil pasar. Adem\u00e1s han colgado un letrero en la misma barrera, avisando de la prohibici\u00f3n de visitar la Cova des Migdia, debido a los \u00faltimos actos vand\u00e1licos.<\/li><br\/>\r\n<\/ul>","protected":false},"excerpt":{"rendered":null,"protected":false},"author":1,"featured_media":0,"parent":0,"menu_order":0,"comment_status":"closed","ping_status":"open","template":"","meta":[],"_links":{"self":[{"href":"https:\/\/serradetramuntana.eu\/index.php?rest_route=\/wp\/v2\/pages\/465"}],"collection":[{"href":"https:\/\/serradetramuntana.eu\/index.php?rest_route=\/wp\/v2\/pages"}],"about":[{"href":"https:\/\/serradetramuntana.eu\/index.php?rest_route=\/wp\/v2\/types\/page"}],"author":[{"embeddable":true,"href":"https:\/\/serradetramuntana.eu\/index.php?rest_route=\/wp\/v2\/users\/1"}],"replies":[{"embeddable":true,"href":"https:\/\/serradetramuntana.eu\/index.php?rest_route=%2Fwp%2Fv2%2Fcomments&post=465"}],"version-history":[{"count":0,"href":"https:\/\/serradetramuntana.eu\/index.php?rest_route=\/wp\/v2\/pages\/465\/revisions"}],"wp:attachment":[{"href":"https:\/\/serradetramuntana.eu\/index.php?rest_route=%2Fwp%2Fv2%2Fmedia&parent=465"}],"curies":[{"name":"wp","href":"https:\/\/api.w.org\/{rel}","templated":true}]}}

<h6>Actualizado 11 diciembre 2020</h6><br/>
 <br/>
<ul><br/>
 	<li>En la ruta de la <strong>Serra des Teixos</strong>, hay problemas de paso en la posesión de <strong>Almallutx</strong>. Nosotros pasamos desde el refugio del <strong>Gorg Blau</strong> hacia el camino que sube a la canal de trasvase pasando por debajo de una rejilla. Tuvimos suerte de que era a primera hora y no nos vieron.</li><br/>
 	<li><strong>Na Fàtima</strong>. El itinerario tradicional por el camino de <strong>Son Morro</strong> y por<strong> Ses Esteles</strong> está cerrado desde hace bastante tiempo. La subida alternativa y que yo he probado sin problemas hasta la cima, es la publicada por Emilio Alonso en la Última Hora en octubre del 2010. Como él bien recomienda si no se quieren complicaciones lo mejor es regresar por el mismo camino de subida.</li><br/>
 	<li><strong>Puig de s'Alzinar</strong>, subiendo por el <strong>Cami Reial</strong> se pasa por cotos privados de caza mayor. Conviene tenerlo en cuenta en época de caza.</li><br/>
 	<li>Resumo lo publicado en el BOIB nº 77 del 25/05/10, respecto a la época y días de caza. Suele haber poca diferencia de un año a otro.<strong> Períodos hábiles de caza para la temporada 2010/2011 en Baleares</strong>a) En los cotos de caza mayor se podrá cazar desde el 1 de septiembre hasta el 15 de julio, todos los días excepto los miércoles. En los cotos con certificado de calidad de caza mayor se podrá cazar también los miércoles.b) En los cotos de caza menor se podrá cazar desde el 10 de octubre hasta el 30 de enero sólo los días hábiles de caza menor con armas.c) Con carácter general, los días hábiles dentro del período de caza menor en general en la comunidad autónoma de las Illes Balears, exceptuando especificaciones en contra, son los martes, jueves, sábados, domingos y festivos de carácter nacional o autonómico. Quedan excluidas las fiestas de carácter local.d) La caza está permitida desde media hora antes de la salida del sol hasta media hora después de su puesta, de acuerdo con el horario local, salvo las limitaciones que establece expresamente esta Resolución.</li><br/>
 	<li><strong>Puig Roig. </strong>Su acceso desde la posesión de Mossa sólo está permitida los domingos. No permiten hacerla circular. Conviene dejar un coche en Lluc que es por dónde dejan volver.</li><br/>
 	<li><strong>Finca del Teix, </strong>en toda su totalidad. Es una finca inmensa que llega desde el coll de Sóller hasta la parte alta de los acantilados de Deià, hasta la Galera y hasta el camino de s'Arxiduc en la zona de Valldemossa. Por lo visto para conseguir la licencia de vedado de caza mayor tiene que tener la finca bien acotada e impedir el paso a los no cazadores. Éstos si pueden circular libremente por toda la finca. Que no vengan con monsergas y que no se amparen en el proteccionismo, que yo todavía no he visto a ningún cazador que tenga cuidado de dónde pisa por si pudiera haber alguna especie protegida. Y no es que tenga algo en contra de los cazadores, que lo que creo, es que si hay que proteger alguna especie, se debe acotar adecuadamente en lugar de prohibir el paso a la zona. Pudiendo pasar, podremos disfrutar de la contemplación de esas especies. Los montañeros somos respetuosos y amantes de la NATURALEZA, no destruimos por destruir. Se me ocurre la idiotez de cerrar los museos para que no entre nadie y así proteger lo que albergan en su interior. Descabellado ¿verdad?.</li><br/>
 	<li><strong>Puig des Teix.</strong> Aunque la finca del Teix la tengan muy celosa y no permitan el tránsito por sus tierras, la verdad es que a principios del 2021 no tenemos problemas de acceso a la cima desde el Camí des Caragol.</li><br/>
 	<li><strong>Comassema, Orient.</strong> La barrera de entrada a la finca desde Orient está cerrada. Muy ingenioso su propietario que ha dispuesto un artilugio tipo barra de bombero para poder salir. El día 8 de mayo de 2011 se ha realizado una marcha reivindicativa exigiendo la apertura del camino. Actualmente (Marzo 2020) el propietario, Fernando Fortuny, permite el paso siempre que se pida autorización previamente. Si alguien está interesado, puede pedirme el teléfono por email.</li><br/>
 	<li><strong>Ermita del Pare Catany</strong> desde Muleta gran y Cas Avinyons, en la zona de Muleta.</li><br/>
 	<li><strong>GR 221</strong> a su paso por la finca de <strong>Es Rafal,</strong> entre Estellencs y Banyalbufar. La opción es desviarse hacia las casas de Planícia. Después de muchos litigios se ha conseguido la apertura de este camino. En 2020 continúa abierto.</li><br/>
 	<li><strong>Paso d'en Capet</strong>, al inicio de la pista, después del cruce con el camino de s'Arrom y de haber girado a la izquierda, nos encontramos con una barrera que cierra el camino y una caseta a la izquierda. Nosotros saltamos la barrera y justo después llegó un coche, que la abrió, pasó y nos pilló de lleno. Nos hizo saber que estábamos en una propiedad privada, que no debíamos haber pasado y que podrían más impedimentos para que nadie pudiera pasar. Esto nos ocurría en domingo a primera hora de la mañana. Más adelante, donde acaba la pista, también tuvimos que saltar una alambrada que claramente delimitaba unos terrenos. Había un coche, pero no vimos a nadie que nos pudiera recriminar el haber llegado hasta allí.</li><br/>
 	<li><strong>S'Arrom</strong> Esta preciosa finca entre Sóller y la Serra d'Alfabia y Els Cornadors está todo su perímetro cerrado con rejilla. Se puede pasar si previamente solicitamos permiso a la propiedad.</li><br/>
 	<li><strong>Pas des Pi</strong>, en la bajada hacia Sóller, pasa por una caseta cerrada con rejilla de difícil paso. Evitar este paso si no se consigue permiso previamente.</li><br/>
 	<li><strong>Font des Quer</strong>, en la bajada hacia el mirador Ricard Roca, está cortado por una barrera con rejilla después del torrente. Lo que nos obliga a desviarnos a la izquierda y salir a la carretera a unos dos kilómetros del mirador.</li><br/>
 	<li><strong>Pas de na Lluïsa</strong>, cuando se acaba el camino de Son Puig y hemos de seguir por una vieja barrera de madera y rejilla. El propietario, además de haber puesto letreros, si nos ve, nos pide amablemente que no pasemos. Actualmente (Marzo 2020), hay una rejilla de somier a mitad del paso que dificulta el acceso. Estuve en el mes de Mayo de 2020 y ya no estaba el somier que cerraba el paso. Id con cuidado, que pueden volver a cerrar en cualquier momento.</li><br/>
 	<li><strong>Benàtiga Nou</strong>, de paso entre la carretera Ma1016 y la Coma de s'Àliga, de subida hacia la zona de Na Burguesa.</li><br/>
 	<li><strong>Pas des Gat de Deià. </strong>Mi amigo Pep Torrens, me ha comentado que en la pared seca entre Sa Marineta y Sa Pedrissa, han puesto una alambrada conectada a unos sensores que detectan cuando las tocan. Al poco aparecen dos guardas que "amablemente" te prohíben el paso.</li><br/>
 	<li><strong>Cova de ses Dues Boques</strong>. Está cerrado el camino de la Ermita de Valldemossa hacia Son Moragues, por lo que habrá que visitar la cueva desde la vertiente de Valldemossa.</li><br/>
 	<li><strong>Ca s'Hereu</strong>. Desde el Camí de Sa Figuera, en dirección al Pas d'en Barona, si queremos subir por el bonito camino hacia las Basses de Ca s'Hereu, hay que pasar por la finca de Ca s'Hereu. La última vez nos lo pusieron bien claro; no se puede pasar de ninguna de las maneras. Así que tuvimos que buscar otra opción para subir al Puig de Bàlitx.</li><br/>
 	<li><strong>Camí de s'Arxiduc.</strong> Lo que parecía imposible, acaba de suceder; restringen el paso en este emblemático camino. Dejo aquí el texto tal como me lo ha hecho llegar Olga, una visitante de la web:       "<em>ayer fuimos a hacer la ruta del Puig de Teix, por sa Talaia Vella y camino del Archiduc, pero cual fue nuestra sorpresa que al principio de la excursión justo al final de la calle oliveres de Valldemossa han puesto una casetilla donde te paran y te pregunta si has reservado plaza para hacer la excursión porque se pasa por unas fincas privadas, si no tienes reserva tienes que hacer una ruta alternativa que ellos te dan pero no pasas si por el mirador ni por el mirador costa ni por Sa Talaia Vella ni por el refugi, tienen un mapa pero solo te lo dan si pagas”la voluntad” …y para las reservas (limitada la entrada a 50 personas al dia) el tfno es 619591985 y el mail <a href="mailto:valldemossa@procustodia.org">valldemossa@procustodia.org</a>, otra opción es empezar la excursión al revés y salir de la urbanización de son gual, al puig de teix, camino del archiduc y luego Coll de son gallard y asi evitas los dos puesto que hay de control uno a al entrada y otro en la bifurcación de pla de pouet. Espero que podáis informar a la gente que quiera hacer esta excursión para que pueda reservar y no se lleve el chasco que nos llevamos nosotros, gracias</em>"</li><br/>
 	<li><strong>Puig de s'Alcadena</strong>. Cerrada con candado la barrera que encontramos a mitad del camino, cuando nos acercamos a las altas paredes que rodean la cima. Noticia de Diciembre de 2020.</li><br/>
 	<li><strong>Miramar y alrededores. (finales 2020)</strong> Els Pontets de la Font Coberta, el mirador des Guix o des Llac, el mirador de sa Ferradura, están cercados con alambre de espinas. Muy difícil de franquear. La opción más fácil es ir desde Miramar, pagando ticket de entrada, desde los camino de abajo está muy complicado.</li><br/>
 	<li><strong>Bàlitx (Enero 2021).</strong> La barrera de salida de la Tanca des Bous hacia el camino que baja a la Font des Salt, está cerrada con candado. No es fácil pasar. Además han colgado un letrero en la misma barrera, avisando de la prohibición de visitar la Cova des Migdia, debido a los últimos actos vandálicos.</li><br/>
</ul>
